11111 (base 2) in base 16?
2c17f
What is -1434422 (base 8) in base 11?
-259451
dc298 (base 14) to base 6
15230542
Convert 29c98 (base 13) to base 4.
103103020
What is -11001000111110101101001 (base 2) in base 4?
-121013311221
10001022220122 (base 3) to base 8
6135027
Convert -14023126 (base 7) to base 10.
-1300039
48696c (base 13) to base 5
420302303
What is 3431413 (base 5) in base 8?
170053
Convert 262656654 (base 7) to base 2.
1000000001010110010010100
-102032414 (base 6) to base 8
-6617372
What is -93797 (base 12) in base 15?
-3c271
Convert 2575935 (base 12) to base 7.
116440355
Convert 2014251 (base 6) to base 14.
26b8b
Convert 2352689 (base 11) to base 12.
145a499
Convert 1a510c7 (base 15) to base 5.
14411203222
Convert 1a161 (base 14) to base 15.
148e2
What is -2232332022 (base 4) in base 8?
-2567612
What is -68351 (base 9) in base 5?
-2423422
Convert -1100001111 (base 3) to base 13.
-bc6b
What is -1001001101110110000000 (base 2) in base 12?
-986194
Convert -141455 (base 6) to base 3.
-200022122
Convert -235105 (base 7) to base 16.
-a65a
Convert 146462 (base 8) to base 2.
1100110100110010
Convert 18b69b (base 13) to base 9.
1152414
3202101 (base 8) to base 3
1121100011201
Convert 164364212 (base 7) to base 12.
3922415
5224252 (base 8) to base 4
11102202222
What is 17253 (base 13) in base 14?
12238
What is -131101232300 (base 4) in base 15?
-a19035
What is 50c3b (base 14) in base 13?
6a6a5
What is -543543 (base 7) in base 15?
-1d1e9
Convert 131504 (base 8) to base 4.
23031010
Convert -191b2 (base 16) to base 8.
-310662
Convert 132838 (base 9) to base 13.
2aa70
What is -133302302 (base 4) in base 5?
-13131401
What is -4142340401 (base 5) in base 10?
-8558851
What is -21666 (base 13) in base 10?
-60417
265f1 (base 16) to base 4
212113301
Convert -977ac7 (base 16) to base 15.
-d11697
110000101111011100 (base 2) to base 5
22342034
Convert 7ac31b (base 15) to base 3.
102000212121222
-223103011 (base 4) to base 6
-3445021
What is 44929c (base 14) in base 5?
1044031221
216102 (base 7) to base 9
57260
Convert 12121011 (base 5) to base 8.
336331
-3097487 (base 10) to base 8
-13641617
1001010100011101100 (base 2) to base 13
a9005
Convert 6708747 (base 9) to base 5.
1410432211
-477366 (base 9) to base 12
-11a489
What is -103020313033 (base 4) in base 16?
-4c8dcf
Convert 210113 (base 7) to base 10.
36074
-1210200120112 (base 3) to base 6
-32312405
-2095a (base 16) to base 4
-200211122
Convert -1187661 (base 9) to base 10.
-648622
-109328b (base 14) to base 10
-7884027
Convert 1764a13 (base 13) to base 14.
10206c8
-3010221312 (base 4) to base 16
-c4a76
What is 101ab3 (base 12) in base 5?
31032020
47737 (base 11) to base 8
206240
Convert 1523363 (base 7) to base 8.
625533
-22430016 (base 7) to base 2
-111011101101111011100
Convert -1aa3a0 (base 12) to base 16.
-73ba8
What is 243041322 (base 5) in base 8?
4271051
What is 17a668 (base 12) in base 3?
202221102222
Convert -48c13 (base 13) to base 9.
-223557
What is 51034203 (base 7) in base 3?
21222121201200
What is -610582 (base 10) in base 3?
-1011000120011
What is 168330 (base 9) in base 5?
11321032
1100100000111110100011 (base 2) to base 16
320fa3
Convert -33102 (base 4) to base 13.
-5a3
Convert -b92b8 (base 15) to base 13.
-177770
204e1 (base 15) to base 11
6a9a6
What is -19759a (base 12) in base 13?
-129127
255756 (base 13) to base 7
10425666
-101121220 (base 5) to base 12
-1798a2
What is -224ac0 (base 16) in base 15?
-2e5d40
What is -433f2a (base 16) in base 8?
-20637452
What is 76144 (base 11) in base 10?
110642
Convert 423835 (base 10) to base 6.
13030111
72685 (base 10) to base 5
4311220
-11012012 (base 4) to base 16
-5186
What is 9089b0 (base 12) in base 8?
10463624
-6114330 (base 7) to base 11
-456a34
Convert 100221022202 (base 3) to base 13.
6b05a
Convert 593be7 (base 15) to base 6.
231230501
What is 576422 (base 8) in base 16?
2fd12
What is -93159 (base 10) in base 12?
-45ab3
What is -4382b (base 16) in base 5?
-32322043
What is 6a864 (base 13) in base 10?
194770
16ccaac (base 13) to base 7
120054450
Convert 68895 (base 12) to base 10.
139505
Convert -2a3518 (base 13) to base 10.
-1035653
1000110011100000101 (base 2) to base 3
112122202211
-12310211 (base 4) to base 8
-66445
1354454 (base 7) to base 5
21303212
1523644 (base 7) to base 8
625741
What is -186418 (base 9) in base 5?
-12210002
Convert -1180614 (base 9) to base 11.
-3aa4aa
-132233142 (base 5) to base 6
-22125433
102212002021 (base 3) to base 15
49211
Convert -31031 (base 15) to base 16.
-25ea0
Convert 127601 (base 12) to base 16.
4a0a1
2591551 (base 11) to base 2
10001000110010001011010
Convert cf7b (base 16) to base 2.
1100111101111011
Convert 21002001111 (base 3) to base 15.
2b404
What is -1036603 (base 7) in base 6?
-2420531
1000122022200 (base 3) to base 16
84d44
-2202011000 (base 3) to base 2
-1101001100100110
What is -324177 (base 9) in base 13?
-6a000
4d794 (base 14) to base 16
2e976
What is -135857 (base 9) in base 16?
-14485
-7238 (base 14) to base 3
-222221210
-640086 (base 9) to base 16
-5cec8
-210347 (base 14) to base 6
-35520415
What is -29207 (base 10) in base 2?
-111001000010111
Convert 154686 (base 9) to base 16.
17466
Convert 332023 (base 6) to base 13.
c78c
What is 1060a9 (base 13) in base 12?
1666b2
630122 (base 9) to base 11
236061
100313231 (base 4) to base 15
1571b
What is -1392991 (base 10) in base 14?
-283915
Convert -3044204334 (base 5) to base 13.
-13a6a3a
What is b27731 (base 13) in base 2?
1111110111000111111011
What is 1111010000110000010 (base 2) in base 9?
842004
20212245 (base 7) to base 10
1683918
Convert -213030210220 (base 4) to base 14.
-1516808
Convert -44111020 (base 5) to base 11.
-239731
Convert -324531225 (base 6) to base 10.
-5828417
What is -10acbb (base 14) in base 13?
-16b586
Convert 546265 (base 8) to base 4.
230302311
What is -110035 (base 7) in base 4?
-10230202
-4a711 (base 11) to base 10
-72733
What is 159594 (base 12) in base 4?
1122010000
12b27b2 (base 12) to base 8
16132366
Convert 41121660 (base 7) to base 12.
11973b9
Convert -883932 (base 11) to base 14.
-28a12d
What is 1391c (base 13) in base 5?
2133243
-304423 (base 5) to base 13
-4714
b7877 (base 12) to base 15
4b80a
3b9b6 (base 15) to base 7
1424265
What is 1436024 (base 7) in base 4?
233121230
What is 305378 (base 9) in base 11?
114082
What is 7569bb (base 14) in base 6?
221111521
What is -771517 (base 10) in base 6?
-24311501
What is -2620141 (base 8) in base 16?
-b2061
-669da (base 14) to base 6
-5200220
-418943 (base 14) to base 4
-20130121233
Convert 220111130 (base 4) to base 11.
103143
What is eb389 (base 16) in base 13?
2796c9
-10103032 (base 5) to base 6
-1425550
-12002220201 (base 3) to base 8
-304274
Convert -83ab (base 14) to base 16.
-58a3
-13065261 (base 7) to base 6
-41322000
-d502e (base 15) to base 14
-138016
-140fe (base 16) to base 4
-110003332
-24444332 (base 5) to base 9
-386410
What is 1010100001000101000110 (base 2) in base 16?
2a1146
-10010010100010111010 (base 2) to base 13
-1802a1
Convert -1134634 (base 7) to base 4.
-202333312
What is 5ad4aa (base 14) in base 6?
150353342
Convert -37024 (base 8) to base 7.
-64222
Convert -3646211 (base 7) to base 6.
-13551205
23818618 (base 9) to base 8
54331155
Convert 59a45 (base 11) to base 16.
151ab
Convert 46a61 (base 13) to base 8.
374253
13cac6 (base 14) to base 9
1257843
-13441152 (base 6) to base 13
-12ca07
What is -803a96 (base 13) in base 10?
-2978748
302216 (base 9) to base 13
634b6
What is -102212220110 (base 3) in base 11?
-14a843
What is 12554154 (base 6) in base 3?
210022111121
a42c4 (base 16) to base 10
672452
What is 21020022000202 (base 3) in base 9?
7208022
What is -14546340 (base 7) in base 2?
-101010011010110111011
Convert -3020202203 (base 4) to base 6.
-25334455
What is 165524161 (base 7) in base 11?
6476471
-477504 (base 8) to base 11
-101a55
What is -4005 (base 12) in base 2?
-1101100000101
-43391 (base 13) to base 7
-1014053
What is 1300471 (base 9) in base 3?
1100000112101
Convert -647420 (base 9) to base 6.
-12134543
Convert -92a907 (base 11) to base 4.
-11230202123
What is 130228 (base 9) in base 16?
13448
What is 2034100231 (base 5) in base 12?
14aa264
Convert -242236216 (base 7) to base 15.
-14d4a3d
23133102 (base 4) to base 1